{"id":36,"date":"2024-10-10T16:09:40","date_gmt":"2024-10-10T15:09:40","guid":{"rendered":"https:\/\/cmedicinadesportiva.aefmup.pt\/?page_id=36"},"modified":"2024-10-26T01:22:42","modified_gmt":"2024-10-26T00:22:42","slug":"espacos","status":"publish","type":"page","link":"https:\/\/cmedicinadesportiva.aefmup.pt\/?page_id=36","title":{"rendered":"Espa\u00e7os"},"content":{"rendered":"\t\t<div data-elementor-type=\"wp-page\" data-elementor-id=\"36\" class=\"elementor elementor-36\">\n\t\t\t\t<div class=\"elementor-element elementor-element-219d727 e-flex e-con-boxed e-con e-parent\" data-id=\"219d727\" data-element_type=\"container\" data-settings=\"{&quot;background_background&quot;:&quot;slideshow&quot;,&quot;background_slideshow_gallery&quot;:[{&quot;id&quot;:208,&quot;url&quot;:&quot;https:\\\/\\\/cmedicinadesportiva.aefmup.pt\\\/wp-content\\\/uploads\\\/2024\\\/10\\\/fachada_CIM_sigarra.jpg&quot;}],&quot;background_slideshow_loop&quot;:&quot;yes&quot;,&quot;background_slideshow_slide_duration&quot;:5000,&quot;background_slideshow_slide_transition&quot;:&quot;fade&quot;,&quot;background_slideshow_transition_duration&quot;:500}\">\n\t\t\t\t\t<div class=\"e-con-inner\">\n\t\t\t\t\t<\/div>\n\t\t\t\t<\/div>\n\t\t<div class=\"elementor-element elementor-element-3bb9b9d e-flex e-con-boxed e-con e-parent\" data-id=\"3bb9b9d\" data-element_type=\"container\">\n\t\t\t\t\t<div class=\"e-con-inner\">\n\t\t<div class=\"elementor-element elementor-element-6fd7372 e-con-full e-flex e-con e-child\" data-id=\"6fd7372\" data-element_type=\"container\">\n\t\t\t\t<div class=\"elementor-element elementor-element-fd8a9aa elementor-widget elementor-widget-heading\" data-id=\"fd8a9aa\" data-element_type=\"widget\" data-widget_type=\"heading.default\">\n\t\t\t\t<div class=\"elementor-widget-container\">\n\t\t\t<h2 class=\"elementor-heading-title elementor-size-default\">Faculdade de Medicina da Universidade do Porto<\/h2>\t\t<\/div>\n\t\t\t\t<\/div>\n\t\t\t\t<div class=\"elementor-element elementor-element-cb19d6a elementor-widget elementor-widget-text-editor\" data-id=\"cb19d6a\" data-element_type=\"widget\" data-widget_type=\"text-editor.default\">\n\t\t\t\t<div class=\"elementor-widget-container\">\n\t\t\t\t\t\t\t<p>Oficialmente criada em 1911 pelo decreto-lei de 22 de fevereiro, a Faculdade de Medicina da Universidade do Porto (FMUP) descende da R\u00e9gia Escola de Cirurgia do Porto, criada no ano de 1825 por D. Jo\u00e3o VI.<\/p><p>Atualmente, a FMUP leciona o curso de Mestrado Integrado em Medicina e participa no ensino do curso de Ci\u00eancias da Nutri\u00e7\u00e3o da Universidade do Porto. Promotora de 18 cursos de 3.\u00ba ciclo\/Programas Doutorais, a Faculdade leciona ainda 17 cursos de 2.\u00ba ciclo\/ Mestrados, 12 cursos de Especializa\u00e7\u00e3o e 12 cursos de Forma\u00e7\u00e3o Cont\u00ednua.<\/p><p>Com cerca de tr\u00eas milhares de estudantes nos v\u00e1rios ciclos de ensino e um corpo docente altamente qualificado (50% de doutorados), a Faculdade desenvolve e promove as suas rela\u00e7\u00f5es institucionais dentro e fora do pa\u00eds, como comprovam os v\u00e1rios protocolos firmados com institui\u00e7\u00f5es de renome.<\/p><p>Recordista na produ\u00e7\u00e3o de investiga\u00e7\u00e3o, o seu contributo para o avan\u00e7o da ci\u00eancia aplicada \u00e0 Medicina \u00e9 incontest\u00e1vel, sendo prova disso os dados referentes \u00e0 produ\u00e7\u00e3o cient\u00edfica nacional, que revelam o lugar cimeiro da FMUP na produ\u00e7\u00e3o de conhecimento. Esta faculdade mant\u00e9m-se fiel \u00e0 reputa\u00e7\u00e3o de exig\u00eancia que conquistou junto dos seus estudantes. \u00c9 este rigor que est\u00e1 na base da excel\u00eancia dos m\u00e9dicos que forma. A excel\u00eancia do ensino que pratica, a sua intensa atividade cient\u00edfica e a sua pr\u00e1tica assistencial s\u00e3o pontos-chave da vida e do nome desta institui\u00e7\u00e3o que tem sido premiada de forma consistente com a prefer\u00eancia dos estudantes que ambicionam uma carreira na Medicina.<\/p>\t\t\t\t\t\t<\/div>\n\t\t\t\t<\/div>\n\t\t\t\t<\/div>\n\t\t\t\t\t<\/div>\n\t\t\t\t<\/div>\n\t\t\t\t<\/div>\n\t\t","protected":false},"excerpt":{"rendered":"<p>Faculdade de Medicina da Universidade do Porto Oficialmente criada em 1911 pelo decreto-lei de 22 de fevereiro, a Faculdade de [&hellip;]<\/p>\n","protected":false},"author":1,"featured_media":0,"parent":0,"menu_order":0,"comment_status":"closed","ping_status":"closed","template":"","meta":{"site-sidebar-layout":"no-sidebar","site-content-layout":"","ast-site-content-layout":"full-width-container","site-content-style":"default","site-sidebar-style":"default","ast-global-header-display":"","ast-banner-title-visibility":"","ast-main-header-display":"","ast-hfb-above-header-display":"","ast-hfb-below-header-display":"","ast-hfb-mobile-header-display":"","site-post-title":"disabled","ast-breadcrumbs-content":"","ast-featured-img":"disabled","footer-sml-layout":"","theme-transparent-header-meta":"","adv-header-id-meta":"","stick-header-meta":"","header-above-stick-meta":"","header-main-stick-meta":"","header-below-stick-meta":"","astra-migrate-meta-layouts":"default","ast-page-background-enabled":"default","ast-page-background-meta":{"desktop":{"background-color":"var(--ast-global-color-4)","background-image":"","background-repeat":"repeat","background-position":"center center","background-size":"auto","background-attachment":"scroll","background-type":"","background-media":"","overlay-type":"","overlay-color":"","overlay-opacity":"","overlay-gradient":""},"tablet":{"background-color":"","background-image":"","background-repeat":"repeat","background-position":"center center","background-size":"auto","background-attachment":"scroll","background-type":"","background-media":"","overlay-type":"","overlay-color":"","overlay-opacity":"","overlay-gradient":""},"mobile":{"background-color":"","background-image":"","background-repeat":"repeat","background-position":"center center","background-size":"auto","background-attachment":"scroll","background-type":"","background-media":"","overlay-type":"","overlay-color":"","overlay-opacity":"","overlay-gradient":""}},"ast-content-background-meta":{"desktop":{"background-color":"var(--ast-global-color-5)","background-image":"","background-repeat":"repeat","background-position":"center center","background-size":"auto","background-attachment":"scroll","background-type":"","background-media":"","overlay-type":"","overlay-color":"","overlay-opacity":"","overlay-gradient":""},"tablet":{"background-color":"var(--ast-global-color-5)","background-image":"","background-repeat":"repeat","background-position":"center center","background-size":"auto","background-attachment":"scroll","background-type":"","background-media":"","overlay-type":"","overlay-color":"","overlay-opacity":"","overlay-gradient":""},"mobile":{"background-color":"var(--ast-global-color-5)","background-image":"","background-repeat":"repeat","background-position":"center center","background-size":"auto","background-attachment":"scroll","background-type":"","background-media":"","overlay-type":"","overlay-color":"","overlay-opacity":"","overlay-gradient":""}},"footnotes":""},"class_list":["post-36","page","type-page","status-publish","hentry"],"yoast_head":"<!-- This site is optimized with the Yoast SEO plugin v23.7 - https:\/\/yoast.com\/wordpress\/plugins\/seo\/ -->\n<title>Espa\u00e7os - Curso de Medicina Desportiva<\/title>\n<meta name=\"robots\" content=\"index, follow, max-snippet:-1, max-image-preview:large, max-video-preview:-1\" \/>\n<link rel=\"canonical\" href=\"https:\/\/cmedicinadesportiva.aefmup.pt\/?page_id=36\" \/>\n<meta property=\"og:locale\" content=\"pt_PT\" \/>\n<meta property=\"og:type\" content=\"article\" \/>\n<meta property=\"og:title\" content=\"Espa\u00e7os - Curso de Medicina Desportiva\" \/>\n<meta property=\"og:description\" content=\"Faculdade de Medicina da Universidade do Porto Oficialmente criada em 1911 pelo decreto-lei de 22 de fevereiro, a Faculdade de [&hellip;]\" \/>\n<meta property=\"og:url\" content=\"https:\/\/cmedicinadesportiva.aefmup.pt\/?page_id=36\" \/>\n<meta property=\"og:site_name\" content=\"Curso de Medicina Desportiva\" \/>\n<meta property=\"article:modified_time\" content=\"2024-10-26T00:22:42+00:00\" \/>\n<meta name=\"twitter:card\" content=\"summary_large_image\" \/>\n<meta name=\"twitter:label1\" content=\"Tempo estimado de leitura\" \/>\n\t<meta name=\"twitter:data1\" content=\"2 minutos\" \/>\n<script type=\"application\/ld+json\" class=\"yoast-schema-graph\">{\"@context\":\"https:\/\/schema.org\",\"@graph\":[{\"@type\":\"WebPage\",\"@id\":\"https:\/\/cmedicinadesportiva.aefmup.pt\/?page_id=36\",\"url\":\"https:\/\/cmedicinadesportiva.aefmup.pt\/?page_id=36\",\"name\":\"Espa\u00e7os - Curso de Medicina Desportiva\",\"isPartOf\":{\"@id\":\"https:\/\/cmedicinadesportiva.aefmup.pt\/#website\"},\"datePublished\":\"2024-10-10T15:09:40+00:00\",\"dateModified\":\"2024-10-26T00:22:42+00:00\",\"breadcrumb\":{\"@id\":\"https:\/\/cmedicinadesportiva.aefmup.pt\/?page_id=36#breadcrumb\"},\"inLanguage\":\"pt-PT\",\"potentialAction\":[{\"@type\":\"ReadAction\",\"target\":[\"https:\/\/cmedicinadesportiva.aefmup.pt\/?page_id=36\"]}]},{\"@type\":\"BreadcrumbList\",\"@id\":\"https:\/\/cmedicinadesportiva.aefmup.pt\/?page_id=36#breadcrumb\",\"itemListElement\":[{\"@type\":\"ListItem\",\"position\":1,\"name\":\"In\u00edcio\",\"item\":\"https:\/\/cmedicinadesportiva.aefmup.pt\/\"},{\"@type\":\"ListItem\",\"position\":2,\"name\":\"Espa\u00e7os\"}]},{\"@type\":\"WebSite\",\"@id\":\"https:\/\/cmedicinadesportiva.aefmup.pt\/#website\",\"url\":\"https:\/\/cmedicinadesportiva.aefmup.pt\/\",\"name\":\"Curso de Medicina Desportiva\",\"description\":\"Curso de Medicina Desportiva - AEFMUP\",\"potentialAction\":[{\"@type\":\"SearchAction\",\"target\":{\"@type\":\"EntryPoint\",\"urlTemplate\":\"https:\/\/cmedicinadesportiva.aefmup.pt\/?s={search_term_string}\"},\"query-input\":{\"@type\":\"PropertyValueSpecification\",\"valueRequired\":true,\"valueName\":\"search_term_string\"}}],\"inLanguage\":\"pt-PT\"}]}<\/script>\n<!-- \/ Yoast SEO plugin. -->","yoast_head_json":{"title":"Espa\u00e7os - Curso de Medicina Desportiva","robots":{"index":"index","follow":"follow","max-snippet":"max-snippet:-1","max-image-preview":"max-image-preview:large","max-video-preview":"max-video-preview:-1"},"canonical":"https:\/\/cmedicinadesportiva.aefmup.pt\/?page_id=36","og_locale":"pt_PT","og_type":"article","og_title":"Espa\u00e7os - Curso de Medicina Desportiva","og_description":"Faculdade de Medicina da Universidade do Porto Oficialmente criada em 1911 pelo decreto-lei de 22 de fevereiro, a Faculdade de [&hellip;]","og_url":"https:\/\/cmedicinadesportiva.aefmup.pt\/?page_id=36","og_site_name":"Curso de Medicina Desportiva","article_modified_time":"2024-10-26T00:22:42+00:00","twitter_card":"summary_large_image","twitter_misc":{"Tempo estimado de leitura":"2 minutos"},"schema":{"@context":"https:\/\/schema.org","@graph":[{"@type":"WebPage","@id":"https:\/\/cmedicinadesportiva.aefmup.pt\/?page_id=36","url":"https:\/\/cmedicinadesportiva.aefmup.pt\/?page_id=36","name":"Espa\u00e7os - Curso de Medicina Desportiva","isPartOf":{"@id":"https:\/\/cmedicinadesportiva.aefmup.pt\/#website"},"datePublished":"2024-10-10T15:09:40+00:00","dateModified":"2024-10-26T00:22:42+00:00","breadcrumb":{"@id":"https:\/\/cmedicinadesportiva.aefmup.pt\/?page_id=36#breadcrumb"},"inLanguage":"pt-PT","potentialAction":[{"@type":"ReadAction","target":["https:\/\/cmedicinadesportiva.aefmup.pt\/?page_id=36"]}]},{"@type":"BreadcrumbList","@id":"https:\/\/cmedicinadesportiva.aefmup.pt\/?page_id=36#breadcrumb","itemListElement":[{"@type":"ListItem","position":1,"name":"In\u00edcio","item":"https:\/\/cmedicinadesportiva.aefmup.pt\/"},{"@type":"ListItem","position":2,"name":"Espa\u00e7os"}]},{"@type":"WebSite","@id":"https:\/\/cmedicinadesportiva.aefmup.pt\/#website","url":"https:\/\/cmedicinadesportiva.aefmup.pt\/","name":"Curso de Medicina Desportiva","description":"Curso de Medicina Desportiva - AEFMUP","potentialAction":[{"@type":"SearchAction","target":{"@type":"EntryPoint","urlTemplate":"https:\/\/cmedicinadesportiva.aefmup.pt\/?s={search_term_string}"},"query-input":{"@type":"PropertyValueSpecification","valueRequired":true,"valueName":"search_term_string"}}],"inLanguage":"pt-PT"}]}},"_links":{"self":[{"href":"https:\/\/cmedicinadesportiva.aefmup.pt\/index.php?rest_route=\/wp\/v2\/pages\/36","targetHints":{"allow":["GET"]}}],"collection":[{"href":"https:\/\/cmedicinadesportiva.aefmup.pt\/index.php?rest_route=\/wp\/v2\/pages"}],"about":[{"href":"https:\/\/cmedicinadesportiva.aefmup.pt\/index.php?rest_route=\/wp\/v2\/types\/page"}],"author":[{"embeddable":true,"href":"https:\/\/cmedicinadesportiva.aefmup.pt\/index.php?rest_route=\/wp\/v2\/users\/1"}],"replies":[{"embeddable":true,"href":"https:\/\/cmedicinadesportiva.aefmup.pt\/index.php?rest_route=%2Fwp%2Fv2%2Fcomments&post=36"}],"version-history":[{"count":10,"href":"https:\/\/cmedicinadesportiva.aefmup.pt\/index.php?rest_route=\/wp\/v2\/pages\/36\/revisions"}],"predecessor-version":[{"id":214,"href":"https:\/\/cmedicinadesportiva.aefmup.pt\/index.php?rest_route=\/wp\/v2\/pages\/36\/revisions\/214"}],"wp:attachment":[{"href":"https:\/\/cmedicinadesportiva.aefmup.pt\/index.php?rest_route=%2Fwp%2Fv2%2Fmedia&parent=36"}],"curies":[{"name":"wp","href":"https:\/\/api.w.org\/{rel}","templated":true}]}}